{"id":125,"date":"2020-01-28T06:25:48","date_gmt":"2020-01-28T05:25:48","guid":{"rendered":"http:\/\/fp-footprint.bartschi.ca\/?page_id=125"},"modified":"2020-01-28T06:25:48","modified_gmt":"2020-01-28T05:25:48","slug":"startseite","status":"publish","type":"page","link":"https:\/\/www.fp-footprint.ch\/","title":{"rendered":"Ein Dankesch\u00f6n an Ihre F\u00fcsse"},"content":{"rendered":"\n<div class=\"wp-block-media-text alignwide\"><figure class=\"wp-block-media-text__media\"><img loading=\"lazy\" decoding=\"async\" width=\"683\" height=\"1024\" src=\"http:\/\/fp-footprint.bartschi.ca\/wp-content\/uploads\/2020\/01\/IMG_4593-683x1024.jpg\" alt=\"\" class=\"wp-image-48\" srcset=\"https:\/\/www.fp-footprint.ch\/wp-content\/uploads\/2020\/01\/IMG_4593-683x1024.jpg 683w, https:\/\/www.fp-footprint.ch\/wp-content\/uploads\/2020\/01\/IMG_4593-200x300.jpg 200w, https:\/\/www.fp-footprint.ch\/wp-content\/uploads\/2020\/01\/IMG_4593-768x1152.jpg 768w, https:\/\/www.fp-footprint.ch\/wp-content\/uploads\/2020\/01\/IMG_4593-1024x1536.jpg 1024w, https:\/\/www.fp-footprint.ch\/wp-content\/uploads\/2020\/01\/IMG_4593-1365x2048.jpg 1365w, https:\/\/www.fp-footprint.ch\/wp-content\/uploads\/2020\/01\/IMG_4593-scaled.jpg 1707w\" sizes=\"auto, (max-width: 683px) 100vw, 683px\" \/><\/figure><div class=\"wp-block-media-text__content\">\n<p class=\"has-normal-font-size\">Welche Reisen haben Sie mit Ihren F\u00fcssen schon unternommen und wie viele Schritte haben sie Sie bereitwillig getragen? <br>Alles ohne Klagen oder vielleicht doch nicht?<br>Oft stecken wir unsere F\u00fcsse nur in Schuhe, mehr oder weniger bequem, und geben ihnen erst Beachtung, wenn sie zu klagen beginnen und  sich mit Brennen und Schmerzen melden. <br>W\u00e4re es einmal an der Zeit, Ihren F\u00fcssen ein Dankesch\u00f6n zu geben?<br><\/p>\n<\/div><\/div>\n\n\n\n<p class=\"has-text-align-left has-normal-font-size\">Elisabeth B\u00e4rtschi                      <br>Fusspflegerin mit Diplom,  Pflegefachrau HF       <br><\/p>\n","protected":false},"excerpt":{"rendered":"<p>Welche Reisen haben Sie mit Ihren F\u00fcssen schon unternommen und wie viele Schritte haben sie Sie bereitwillig getragen? Alles ohne Klagen oder vielleicht doch nicht?Oft stecken wir unsere F\u00fcsse nur in Schuhe, mehr oder weniger bequem, und geben ihnen erst Beachtung, wenn sie zu klagen beginnen und sich mit Brennen und Schmerzen melden. W\u00e4re es &hellip; <\/p>\n<p class=\"link-more\"><a href=\"https:\/\/www.fp-footprint.ch\/\" class=\"more-link\"><span class=\"screen-reader-text\">&#171;Ein Dankesch\u00f6n an Ihre F\u00fcsse&#187;<\/span> weiterlesen<\/a><\/p>\n","protected":false},"author":2,"featured_media":34,"parent":0,"menu_order":0,"comment_status":"closed","ping_status":"closed","template":"","meta":{"footnotes":""},"class_list":["post-125","page","type-page","status-publish","has-post-thumbnail","hentry"],"_links":{"self":[{"href":"https:\/\/www.fp-footprint.ch\/index.php?rest_route=\/wp\/v2\/pages\/125","targetHints":{"allow":["GET"]}}],"collection":[{"href":"https:\/\/www.fp-footprint.ch\/index.php?rest_route=\/wp\/v2\/pages"}],"about":[{"href":"https:\/\/www.fp-footprint.ch\/index.php?rest_route=\/wp\/v2\/types\/page"}],"author":[{"embeddable":true,"href":"https:\/\/www.fp-footprint.ch\/index.php?rest_route=\/wp\/v2\/users\/2"}],"replies":[{"embeddable":true,"href":"https:\/\/www.fp-footprint.ch\/index.php?rest_route=%2Fwp%2Fv2%2Fcomments&post=125"}],"version-history":[{"count":25,"href":"https:\/\/www.fp-footprint.ch\/index.php?rest_route=\/wp\/v2\/pages\/125\/revisions"}],"predecessor-version":[{"id":275,"href":"https:\/\/www.fp-footprint.ch\/index.php?rest_route=\/wp\/v2\/pages\/125\/revisions\/275"}],"wp:featuredmedia":[{"embeddable":true,"href":"https:\/\/www.fp-footprint.ch\/index.php?rest_route=\/wp\/v2\/media\/34"}],"wp:attachment":[{"href":"https:\/\/www.fp-footprint.ch\/index.php?rest_route=%2Fwp%2Fv2%2Fmedia&parent=125"}],"curies":[{"name":"wp","href":"https:\/\/api.w.org\/{rel}","templated":true}]}}